{"id":407,"date":"2016-04-23T06:07:20","date_gmt":"2016-04-23T09:07:20","guid":{"rendered":"http:\/\/livedemos.templatation.com\/logiscargo5\/?page_id=407"},"modified":"2020-09-12T11:58:03","modified_gmt":"2020-09-12T14:58:03","slug":"funcion","status":"publish","type":"page","link":"https:\/\/carlosgonzalez.com.uy\/?page_id=407","title":{"rendered":"FUNCION"},"content":{"rendered":"<p>[vc_row full_width=&#8221;stretch_row_content_no_spaces&#8221;][vc_column] \r\n    <section class=\"text-rotator-banner thm-banner-wrapper style-two\" style=\"background-image: url(https:\/\/carlosgonzalez.com.uy\/wp-content\/uploads\/2016\/04\/6.jpg);background-position: center left;\">\r\n        <div class=\"thm-container\">\r\n        <div class=\"col-lg-7 col-md-8 pull-right caption-wrapper\">\r\n            <div class=\"caption-h1\">\r\n                 \r\n                <div class=\"type-wrap\">\r\n                    <div class=\"typed-strings\">\r\n                        <p>EMBARQUES<\/p>\r\n                        <p>ASISTENCIA<\/p>\r\n                        <p>ACTUALIZACIONES CONTINUAS<\/p>\r\n                        <p>TECNOLOG\u00cdA<\/p>\r\n                        <p>EXPORTACI\u00d3N E IMPORTACI\u00d3N<\/p>\r\n                    <\/div>\r\n                    <span class=\"typed\"><\/span>\r\n                <\/div><br>            <\/div>\r\n            <span class=\"horiz-border\"><\/span>\r\n            <div class=\"caption-p\">\r\n                            <\/div>\r\n                                            <\/div>\r\n    <\/div>\r\n<\/section>\r\n\r\n\r\n[\/vc_column][\/vc_row][vc_row full_width=&#8221;stretch_row&#8221; el_html=&#8221;&#8221; fullwidth=&#8221;no&#8221; overlay_div=&#8221;no&#8221; css=&#8221;.vc_custom_1461083676658{background-color: #183650 !important;}&#8221;][vc_column type=&#8221;none&#8221; css=&#8221;.vc_custom_1461400579353{padding-top: 0px !important;}&#8221;]  \r\n\r\n<section class=\"welcome-text\">\r\n        <div class=\"title-box text-right\">\r\n            <h3>FUNCIONES DEL DESPACHANTE DE ADUANA<\/h3>\r\n        <\/div>\r\n        <div class=\"text-box\">\r\n            <p>Los Despachantes de Aduana han intervenido en el 100% de los embarques y podemos afirmar tambi\u00e9n que la vasta cantidad de importadores, exportadores y transitorios, hoy dependen de esta profesi\u00f3n para evitar errores costosos y mantener en marcha su actividad.<\/p>\r\n        <\/div>\r\n<\/section>\r\n\r\n[\/vc_column][\/vc_row][vc_row full_width=&#8221;stretch_row&#8221;][vc_column][vc_empty_space height=&#8221;55px&#8221;][vc_column_text el_class=&#8221;fontsize16&#8243;]<strong>DEFINICI\u00d3N DE LA CARACTER\u00cdSTICA DE LA PROFESI\u00d3N DE DESPACHANTE DE ADUANA<\/strong><\/p>\n<p>En Uruguay, al Despachante se lo \u00a0\u00a0identifica legalmente como Auxiliar del Comercio y de la funci\u00f3n P\u00fablica Adunera. A nivel internacional &#8211; pa\u00edses que sustentan un alto grado de tecnificaci\u00f3n y actualizaci\u00f3n de sus Aduanas y legislaci\u00f3n en Comercio Exterior -, se le reconoce como Ministro de F\u00e9, definici\u00f3n que \u00a0supone delegar en dicho profesional importantes y variadas funciones de \u00edndole estatal en la realizaci\u00f3n y control de las operaciones de comercio internacional, con responsabilidades definidas seg\u00fan los cometidos que le fueran transferidos.<\/p>\n<p>La ley 19.276 promulgada el 19 de setiembre de 2014 (C\u00f3digo Aduanero) los inviste como Agentes Auxiliares del Comercio y condiciona el ejercicio de su actividad y responsabilidades, los califica y determina las condiciones a que debe sujetarse su desempe\u00f1o, estableciendo su participaci\u00f3n preceptiva en todas las operaciones de \u00edndole aduanera.<\/p>\n<p>Asimismo, el C\u00f3digo Aduanero y el Decreto reglamentario N\u00b0 96\/2015, les fija importantes garant\u00edas para el ejercicio de la Profesi\u00f3n, que se aplican con renovador cada a\u00f1o seg\u00fan el total del valor CIF de las operaciones de Comercio Exterior presentados.[\/vc_column_text][\/vc_column][\/vc_row][vc_row full_width=&#8221;stretch_row&#8221; css=&#8221;.vc_custom_1461597174552{background-color: #f7f7f7 !important;}&#8221;][vc_column][vc_empty_space height=&#8221;50px&#8221;][tt_lc_title_shortcode title=&#8221;TODA UNA VARIEDAD DE FUNCIONES&#8221;]<div data-grp-name=\"faq-accrodion\" class=\"accrodion-grp faq-accrodion\">\r\n    <div class=\"accrodion active\">\r\n    <div class=\"accrodion-title\">\r\n        <h4>REDUCCI\u00d3N DE COSTOS<\/h4>\r\n    <\/div>\r\n    <div class=\"accrodion-content\">\r\n        <div class=\"img-caption\">\r\n                        <div class=\"img-box\">\r\n                <img src=\"https:\/\/carlosgonzalez.com.uy\/wp-content\/uploads\/2016\/02\/1-6.jpg\" alt=\"\" \/>\r\n            <\/div>\r\n                        <div class=\"content-box\">\r\n                <h4>Para la mayor\u00eda de los importadores y exportadores es considerablemente m\u00e1s econ\u00f3mica que tomar la responsabilidad de manejar las transacciones aduaneras y\/o de comercio exterior por s\u00ed mismos.<\/h4>                <p>Una simple operaci\u00f3n de rutina en un embarque por la Aduana, puede implicar innumerables pasos, recogiendo y verificando los documentos de control de carga, preparando y entregando formularios, determinando clasificaciones, aranceles, valores y reintegros, coordinando tareas supletorias con las compa\u00f1\u00edas de estibaje y seguros, dep\u00f3sitos particulares y\/o fiscales, agencias mar\u00edtimas y de carga. Pocas empresas pueden pagar un staff full time para manejar la log\u00edstica correspondiente y menos pagar el precio de alg\u00fan error cometido en el desarrollo de cada operaci\u00f3n, los inconvenientes que producen las demoras, las rupturas de negocios, o las multas que pueden sobrevenir.<\/p>                <ul>\r\n                                    <\/ul>\r\n            <\/div>\r\n        <\/div>\r\n    <\/div>\r\n    <\/div>\r\n<\/div>\r\n\r\n<div data-grp-name=\"faq-accrodion\" class=\"accrodion-grp faq-accrodion\">\r\n    <div class=\"accrodion \">\r\n    <div class=\"accrodion-title\">\r\n        <h4>Asistencia en Importaciones, Tr\u00e1nsitos, Free Shop, etc.<\/h4>\r\n    <\/div>\r\n    <div class=\"accrodion-content\">\r\n        <div class=\"img-caption\">\r\n                        <div class=\"img-box\">\r\n                <img src=\"https:\/\/carlosgonzalez.com.uy\/wp-content\/uploads\/2016\/02\/1-6.jpg\" alt=\"\" \/>\r\n            <\/div>\r\n                        <div class=\"content-box\">\r\n                <h4>La presencia del Despachante en tales operaciones sin perjuicio de que es preceptiva<\/h4>                <p>Se constituye en necesaria para el \u00e1gil y correcto despacho de la mercader\u00eda. Cualquier r\u00e9gimen de internaci\u00f3n a plaza de bienes o productos \u2013 importaci\u00f3n definitiva, \u00f3 Admisi\u00f3n Temporaria, \u00f3 nacionalizaciones \u2013, tiene un sinn\u00famero de reglamentaciones, procedimientos, exenciones, etc. que es preciso conocer en forma minuciosa para poder cumplir la operaci\u00f3n dentro de las caracter\u00edsticas se\u00f1aladas, y evitar infracciones aduaneras - que son siempre costosas -, por errores que pudieran cometerse en la clasificaci\u00f3n arancelaria, determinaci\u00f3n de tributos, u omisiones \u00f3 errores en la presentaci\u00f3n de documentos sobre los cuales se basan las exoneraciones.<\/p>\n<p>Tambi\u00e9n participa activamente en la selecci\u00f3n de las diversas etapas de la operaci\u00f3n, desde el momento del embarque \u2013 y en ocasiones a\u00fan antes, esto es en la gestaci\u00f3n del negocio \u2013 hasta la puesta a disposici\u00f3n de la mercader\u00eda en el local del destinatario.<\/p>\n<p>En cuanto refiere al Tr\u00e1nsito, el mismo es una operaci\u00f3n a la que se dispensa especial atenci\u00f3n, por las caracter\u00edsticas de nuestros puertos y la privilegiada situaci\u00f3n geogr\u00e1fica de nuestro pa\u00eds que lo pone como potencial puerta de ingreso de productos para Am\u00e9rica del Sur. Por ello, es natural intervenga el Despachante de Aduana.<\/p>                <ul>\r\n                                    <\/ul>\r\n            <\/div>\r\n        <\/div>\r\n    <\/div>\r\n    <\/div>\r\n<\/div>\r\n\r\n<div data-grp-name=\"faq-accrodion\" class=\"accrodion-grp faq-accrodion\">\r\n    <div class=\"accrodion \">\r\n    <div class=\"accrodion-title\">\r\n        <h4>LOS EMBARQUES<\/h4>\r\n    <\/div>\r\n    <div class=\"accrodion-content\">\r\n        <div class=\"img-caption\">\r\n                        <div class=\"img-box\">\r\n                <img src=\"https:\/\/carlosgonzalez.com.uy\/wp-content\/uploads\/2016\/02\/1-6.jpg\" alt=\"\" \/>\r\n            <\/div>\r\n                        <div class=\"content-box\">\r\n                <h4>Los Despachantes de Aduana est\u00e1n familiarizados con los aspectos del embarque internacional<\/h4>                <p>requerimientos del empaque y etiquetado hasta transportes dom\u00e9stico y extranjero. Pueden concretar el embarque m\u00e1s efectivo y econ\u00f3mico con mercader\u00edas desde y hacia Uruguay.<\/p>                <ul>\r\n                                    <\/ul>\r\n            <\/div>\r\n        <\/div>\r\n    <\/div>\r\n    <\/div>\r\n<\/div>\r\n\r\n<div data-grp-name=\"faq-accrodion\" class=\"accrodion-grp faq-accrodion\">\r\n    <div class=\"accrodion \">\r\n    <div class=\"accrodion-title\">\r\n        <h4>Asistencia en Exportaci\u00f3n<\/h4>\r\n    <\/div>\r\n    <div class=\"accrodion-content\">\r\n        <div class=\"img-caption\">\r\n                        <div class=\"img-box\">\r\n                <img src=\"https:\/\/carlosgonzalez.com.uy\/wp-content\/uploads\/2016\/02\/1-6.jpg\" alt=\"\" \/>\r\n            <\/div>\r\n                        <div class=\"content-box\">\r\n                <h4>Como especialistas en comercio internacional los Despachantes de Aduana han incorporado en sus servicios el concepto de SERVICIO INTEGRAL<\/h4>                <p>es decir asumen la coordinaci\u00f3n total de la operaci\u00f3n aconsejando sobre las reglamentaciones, instrumentos de pago, seguros, confeccionan los documentos y dirigen globalmente la operaci\u00f3n, y posibilitan la devoluci\u00f3n de impuestos a los productos alcanzados por tal beneficio.<\/p>                <ul>\r\n                                    <\/ul>\r\n            <\/div>\r\n        <\/div>\r\n    <\/div>\r\n    <\/div>\r\n<\/div>\r\n\r\n<div data-grp-name=\"faq-accrodion\" class=\"accrodion-grp faq-accrodion\">\r\n    <div class=\"accrodion \">\r\n    <div class=\"accrodion-title\">\r\n        <h4>Representaciones<\/h4>\r\n    <\/div>\r\n    <div class=\"accrodion-content\">\r\n        <div class=\"img-caption\">\r\n                        <div class=\"img-box\">\r\n                <img src=\"https:\/\/carlosgonzalez.com.uy\/wp-content\/uploads\/2016\/02\/1-6.jpg\" alt=\"\" \/>\r\n            <\/div>\r\n                        <div class=\"content-box\">\r\n                <h4>Los Despachantes de Aduana son quienes clasifican arancelariamente las mercader\u00edas<\/h4>                <p>asegur\u00e1ndose que los clientes abonen los grav\u00e1menes que realmente corresponden y la correcta liquidaci\u00f3n de los reembolsos en su caso, asumiendo la representaci\u00f3n de su cliente \u2013 con todas las obligaciones que ello conlleva \u2013 durante todo el periplo de gesti\u00f3n de la operaci\u00f3n de Comercio Exterior.<\/p>                <ul>\r\n                                    <\/ul>\r\n            <\/div>\r\n        <\/div>\r\n    <\/div>\r\n    <\/div>\r\n<\/div>\r\n\r\n<div data-grp-name=\"faq-accrodion\" class=\"accrodion-grp faq-accrodion\">\r\n    <div class=\"accrodion \">\r\n    <div class=\"accrodion-title\">\r\n        <h4>Consultando Servicios<\/h4>\r\n    <\/div>\r\n    <div class=\"accrodion-content\">\r\n        <div class=\"img-caption\">\r\n                        <div class=\"img-box\">\r\n                <img src=\"https:\/\/carlosgonzalez.com.uy\/wp-content\/uploads\/2016\/02\/1-6.jpg\" alt=\"\" \/>\r\n            <\/div>\r\n                        <div class=\"content-box\">\r\n                <h4>Muchos importadores y exportadores dependen de la experiencia del Despachante de Aduana cuando consideran nuevas l\u00edneas de productos<\/h4>                <p>explorando nuevos mercados o evaluando el impacto en sus negocios de regulaciones inestables. Los Despachantes pueden colaborar en la justa medida y aconsejar sobre las costumbres internacionales, los perfiles estad\u00edsticos del comercio exterior, y temas puntuales como por ejemplo el GATT o el MERCOSUR.<\/p>                <ul>\r\n                                    <\/ul>\r\n            <\/div>\r\n        <\/div>\r\n    <\/div>\r\n    <\/div>\r\n<\/div>\r\n\r\n<div data-grp-name=\"faq-accrodion\" class=\"accrodion-grp faq-accrodion\">\r\n    <div class=\"accrodion \">\r\n    <div class=\"accrodion-title\">\r\n        <h4>EL LIMITE TECNOL\u00d3GICO<\/h4>\r\n    <\/div>\r\n    <div class=\"accrodion-content\">\r\n        <div class=\"img-caption\">\r\n                        <div class=\"img-box\">\r\n                <img src=\"https:\/\/carlosgonzalez.com.uy\/wp-content\/uploads\/2016\/02\/1-6.jpg\" alt=\"\" \/>\r\n            <\/div>\r\n                        <div class=\"content-box\">\r\n                <h4>En la era inform\u00e1tica, manejar el mercado significa manejar tecnolog\u00eda y aprovechar la parte competitiva que esto nos ofrece<\/h4>                <p>Los procedimientos de la Aduana dependen de los sistemas automatizados para transmitir informaci\u00f3n tan r\u00e1pido y exacto como sea posible. Los Despachantes ayudan a desarrollar esos sistemas que se est\u00e1n generalizando en el mundo, y trabajan constantemente para que la tecnolog\u00eda obre en beneficio de sus clientes.<\/p>\n<p>Las empresas uruguayas deben competir en el mercado internacional a trav\u00e9s de la realizaci\u00f3n de negocios r\u00e1pidos y eficientes actuando coordinadamente con los proveedores y la Aduana.<\/p>                <ul>\r\n                                    <\/ul>\r\n            <\/div>\r\n        <\/div>\r\n    <\/div>\r\n    <\/div>\r\n<\/div>\r\n\r\n<div data-grp-name=\"faq-accrodion\" class=\"accrodion-grp faq-accrodion\">\r\n    <div class=\"accrodion \">\r\n    <div class=\"accrodion-title\">\r\n        <h4>CONSTITUYE EL NEXO INSUSTITUIBLE ENTRE LA ACTIVIDAD PRIVADA Y LA ACTIVIDAD PUBLICA<\/h4>\r\n    <\/div>\r\n    <div class=\"accrodion-content\">\r\n        <div class=\"img-caption\">\r\n                        <div class=\"img-box\">\r\n                <img src=\"https:\/\/carlosgonzalez.com.uy\/wp-content\/uploads\/2016\/02\/1-6.jpg\" alt=\"\" \/>\r\n            <\/div>\r\n                        <div class=\"content-box\">\r\n                <h4>en su caso el Estado, representado por la Aduana y su funci\u00f3n que excede los l\u00edmites de lo simplemente orientativo.<\/h4>                <p>Es preciso se\u00f1alar que la constante evoluci\u00f3n de la mec\u00e1nica regulatoria de las operaciones de importaci\u00f3n, exportaci\u00f3n, tr\u00e1nsito, draw back, etc., que en definitiva conforman el comercio exterior y las avanzadas t\u00e9cnicas que ponen en pr\u00e1ctica los sistemas aduaneros del mundo, exigen al Despachante de Aduana una permanente actualizaci\u00f3n de sus conocimientos y una consecuente concurrencia de responsabilidades.<\/p>                <ul>\r\n                                    <\/ul>\r\n            <\/div>\r\n        <\/div>\r\n    <\/div>\r\n    <\/div>\r\n<\/div>\r\n\r\n<div data-grp-name=\"faq-accrodion\" class=\"accrodion-grp faq-accrodion\">\r\n    <div class=\"accrodion \">\r\n    <div class=\"accrodion-title\">\r\n        <h4>Necesidad de actualizaci\u00f3n continua<\/h4>\r\n    <\/div>\r\n    <div class=\"accrodion-content\">\r\n        <div class=\"img-caption\">\r\n                        <div class=\"img-box\">\r\n                <img src=\"https:\/\/carlosgonzalez.com.uy\/wp-content\/uploads\/2016\/02\/1-6.jpg\" alt=\"\" \/>\r\n            <\/div>\r\n                        <div class=\"content-box\">\r\n                <h4>ES UN VERDADERO Profesional que adem\u00e1s de dominar los problemas vinculados con la ubicaci\u00f3n arancelaria de las mercader\u00edas y sus connotaciones tecnol\u00f3gicas<\/h4>                <p>debe forzosamente conocer el C\u00f3digo Aduanero, las leyes que lo complementan y sus reglamentaciones, la Nomenclatura Com\u00fan del MERCOSUR, que en la actualidad suple a la Nomenclatura del Comercio Exterior, sus Notas Explicativas y los Criterios Clasificatorios, el R\u00e9gimen y la conformaci\u00f3n de la ALADI, el CAUCE y el MERCOSUR, los Tratados y Convenios de todo tipo suscriptos por el pa\u00eds, las normas de Valoraci\u00f3n de la Organizaci\u00f3n Mundial del Comercio (OMC) y del GATT, los progresos en materia tecnol\u00f3gica, el an\u00e1lisis de la documentaci\u00f3n de respaldo de las operaciones, los sistemas de computaci\u00f3n y el sistema inform\u00e1tico denominado LUCIA, adoptado por la Aduana uruguaya y sus suced\u00e1neos aplicados en otros pa\u00edses de Latinoam\u00e9rica y consiguientemente la formulaci\u00f3n y procedimiento de las solicitudes de destinaci\u00f3n de las mercanc\u00edas que arriban o salen del pa\u00eds, el r\u00e9gimen de las exportaciones y de los programas promocionales y de intercambio y su relaci\u00f3n con la pol\u00edtica oficial de expansi\u00f3n, las operaciones bancarias, su concreci\u00f3n y la instrumentaci\u00f3n de cr\u00e9ditos y formas de pago, las nociones fundamentales del derecho tributario administrativo comercial y penal aduanero, las reglamentaciones de fletes y estad\u00edstica, los controles sanitarios afectados al comercio internacional, las contribuciones extraordinarias y las reglamentaciones propias de todos los organismos que intervienen de acuerdo a la naturaleza de los productos, tanto en la importaci\u00f3n como en la exportaci\u00f3n, los reg\u00edmenes del IVA, impuestos recaudados por la Direcci\u00f3n General Impositiva, para lo cual deben afrontar un panorama de constante modificaci\u00f3n y que por lo tanto exige un permanente estudio y actualizaci\u00f3n en tan diversas materias.<\/p>                <ul>\r\n                                    <\/ul>\r\n            <\/div>\r\n        <\/div>\r\n    <\/div>\r\n    <\/div>\r\n<\/div>\r\n\r\n[vc_empty_space height=&#8221;80px&#8221;][\/vc_column][\/vc_row][vc_row full_width=&#8221;stretch_row_content_no_spaces&#8221; css=&#8221;.vc_custom_1461082206983{background-position: 0 0 !important;background-repeat: no-repeat !important;}&#8221;][vc_column css=&#8221;.vc_custom_1461082007385{padding-top: 0px !important;}&#8221;][tt_lc_footer_info_block_shortcode title=&#8221;PROVEEDOR MAR\u00cdTIMO&#8221; first_link_text=&#8221;VER M\u00c1S&#8221; first_link=&#8221;http:\/\/www.carlosgonzalez.com.uy\/?tt-service=proveedor-maritimo&#8221;][\/vc_column][\/vc_row]<\/p>\n","protected":false},"excerpt":{"rendered":"<p>[vc_row full_width=&#8221;stretch_row_content_no_spaces&#8221;][vc_column][\/vc_column][\/vc_row][vc_row full_width=&#8221;stretch_row&#8221; el_html=&#8221;&#8221; fullwidth=&#8221;no&#8221; overlay_div=&#8221;no&#8221; css=&#8221;.vc_custom_1461083676658{background-color: #183650 !important;}&#8221;][vc_column type=&#8221;none&#8221; css=&#8221;.vc_custom_1461400579353{padding-top: 0px !important;}&#8221;][\/vc_column][\/vc_row][vc_row full_width=&#8221;stretch_row&#8221;][vc_column][vc_empty_space height=&#8221;55px&#8221;][vc_column_text el_class=&#8221;fontsize16&#8243;]DEFINICI\u00d3N DE LA CARACTER\u00cdSTICA DE LA PROFESI\u00d3N DE DESPACHANTE DE ADUANA En Uruguay, al Despachante se lo \u00a0\u00a0identifica legalmente como Auxiliar del Comercio y de la funci\u00f3n P\u00fablica Adunera. A nivel internacional &#8211; pa\u00edses que sustentan un alto grado de [&hellip;]<\/p>\n","protected":false},"author":1,"featured_media":0,"parent":0,"menu_order":0,"comment_status":"closed","ping_status":"closed","template":"","meta":[],"_links":{"self":[{"href":"https:\/\/carlosgonzalez.com.uy\/index.php?rest_route=\/wp\/v2\/pages\/407"}],"collection":[{"href":"https:\/\/carlosgonzalez.com.uy\/index.php?rest_route=\/wp\/v2\/pages"}],"about":[{"href":"https:\/\/carlosgonzalez.com.uy\/index.php?rest_route=\/wp\/v2\/types\/page"}],"author":[{"embeddable":true,"href":"https:\/\/carlosgonzalez.com.uy\/index.php?rest_route=\/wp\/v2\/users\/1"}],"replies":[{"embeddable":true,"href":"https:\/\/carlosgonzalez.com.uy\/index.php?rest_route=%2Fwp%2Fv2%2Fcomments&post=407"}],"version-history":[{"count":17,"href":"https:\/\/carlosgonzalez.com.uy\/index.php?rest_route=\/wp\/v2\/pages\/407\/revisions"}],"predecessor-version":[{"id":714,"href":"https:\/\/carlosgonzalez.com.uy\/index.php?rest_route=\/wp\/v2\/pages\/407\/revisions\/714"}],"wp:attachment":[{"href":"https:\/\/carlosgonzalez.com.uy\/index.php?rest_route=%2Fwp%2Fv2%2Fmedia&parent=407"}],"curies":[{"name":"wp","href":"https:\/\/api.w.org\/{rel}","templated":true}]}}